 prime factors of 152755836.
2, 3, 12729653
What are the prime factors of 152374714?
2, 43, 1771799
List the prime factors of 116703241.
116703241
List the prime factors of 919468627.
7, 11, 787, 15173
What are the prime factors of 38843643?
3, 12947881
List the prime factors of 524315275.
5, 11, 17, 112153
What are the prime factors of 20776411?
149, 139439
List the prime factors of 25551020.
2, 5, 11, 116141
List the prime factors of 1934887588.
2, 163, 1571, 1889
What are the prime factors of 350131671?
3, 43, 904733
List the prime factors of 261036470.
2, 5, 71, 109, 3373
What are the prime factors of 913747331?
7, 17, 439, 17491
What are the prime factors of 1296431631?
3, 11, 29, 41051
List the prime factors of 26287722.
2, 3, 1460429
List the prime factors of 14099200.
2, 5, 2203
What are the prime factors of 1603219691?
1603219691
What are the prime factors of 1182343644?
2, 3, 131, 250709
What are the prime factors of 28019656?
2, 7, 37, 13523
List the prime factors of 134632311.
3, 11, 4079767
What are the prime factors of 28181895?
3, 5, 7, 97, 2767
What are the prime factors of 1715827432?
2, 11, 31, 57179
List the prime factors of 97531910.
2, 5, 7, 1393313
What are the prime factors of 872911014?
2, 3, 145485169
List the prime factors of 11113058.
2, 11, 505139
List the prime factors of 1917722751.
3, 7, 401, 32533
List the prime factors of 328513778.
2, 3581, 45869
List the prime factors of 2073270640.
2, 5, 7, 3702269
What are the prime factors of 1605414168?
2, 3, 23, 107717
List the prime factors of 226836236.
2, 11, 17, 303257
List the prime factors of 34981562.
2, 7, 11, 227153
What are the prime factors of 22816715?
5, 443, 10301
List the prime factors of 662109780.
2, 3, 5, 31, 11483
List the prime factors of 6641575446.
2, 3, 11, 61, 1649671
List the prime factors of 143899285.
5, 43, 113, 5923
What are the prime factors of 3066321430?
2, 5, 306632143
What are the prime factors of 49148241?
3, 17, 963691
List the prime factors of 710833435.
5, 13, 841223
What are the prime factors of 15596738?
2, 7798369
List the prime factors of 4758242656.
2, 19, 97, 80681
List the prime factors of 274189553.
11, 2371, 10513
What are the prime factors of 74711210?
2, 5, 7, 43, 24821
List the prime factors of 563359025.
5, 19, 97, 12227
What are the prime factors of 54306972?
2, 3, 37, 40771
What are the prime factors of 691620505?
5, 138324101
List the prime factors of 1264770807.
3, 457, 922517
List the prime factors of 1064379988.
2, 7, 1613, 23567
What are the prime factors of 59337754?
2, 7, 907, 4673
What are the prime factors of 256301730?
2, 3, 5, 2847797
What are the prime factors of 1473299488?
2, 46040609
What are the prime factors of 102685429?
7, 11, 59, 3229
What are the prime factors of 230568420?
2, 3, 5, 19, 41, 4933
List the prime factors of 77216358.
2, 3, 12869393
What are the prime factors of 26921847?
3, 487, 18427
What are the prime factors of 1432404804?
2, 3, 89, 1341203
List the prime factors of 419665736.
2, 7, 7494031
List the prime factors of 2951598556.
2, 23, 32082593
List the prime factors of 48744711.
3, 67, 229, 353
What are the prime factors of 200963750?
2, 5, 13, 83, 149
List the prime factors of 190485703.
190485703
List the prime factors of 168150880.
2, 5, 569, 1847
What are the prime factors of 228055838?
2, 114027919
List the prime factors of 58917447.
3, 643, 10181
What are the prime factors of 23175539?
17, 1363267
What are the prime factors of 3490039472?
2, 19, 653, 17581
What are the prime factors of 10161942?
2, 3, 7, 241951
List the prime factors of 171048771.
3, 19005419
List the prime factors of 345702508.
2, 86425627
List the prime factors of 126611537.
13, 151, 64499
What are the prime factors of 33778172?
2, 53, 137, 1163
List the prime factors of 22210749.
3, 11, 224351
List the prime factors of 188450263.
188450263
List the prime factors of 2583134617.
7, 47, 53, 21163
What are the prime factors of 6521710?
2, 5, 13, 17, 227
What are the prime factors of 347556986?
2, 7, 1867, 13297
List the prime factors of 679907720.
2, 5, 16997693
List the prime factors of 13917793.
293, 47501
What are the prime factors of 860530500?
2, 3, 5, 63743
What are the prime factors of 338136761?
338136761
List the prime factors of 560291437.
19, 29489023
What are the prime factors of 7562748?
2, 3, 630229
List the prime factors of 251831220.
2, 3, 5, 43, 97609
List the prime factors of 314811405.
3, 5, 47, 73, 2039
List the prime factors of 614188732.
2, 67, 2291749
What are the prime factors of 57888778?
2, 523, 55343
What are the prime factors of 211909160?
2, 5, 43, 123203
List the prime factors of 57794019.
3, 89, 233, 929
List the prime factors of 3379598121.
3, 47, 67, 191, 1873
List the prime factors of 284183331.
3, 23, 4118599
What are the prime factors of 313702867?
1091, 287537
What are the prime factors of 5436245374?
2, 7, 31, 12525911
List the prime factors of 67657404.
2, 3, 19, 43, 67, 103
What are the prime factors of 28722165?
3, 5, 1914811
What are the prime factors of 245160056?
2, 211, 311, 467
List the prime factors of 3685320694.
2, 11, 37, 4527421
List the prime factors of 11605289.
11605289
What are the prime factors of 299711265?
3, 5, 7, 149, 19157
What are the prime factors of 2009730659?
487, 4126757
What are the prime factors of 6116851083?
3, 7, 83, 3509381
What are the prime factors of 22605153?
3, 139, 151, 359
List the prime factors of 1036412484.
2, 3, 829, 104183
List the prime factors of 64896410.
2, 5, 6489641
What are the prime factors of 503566234?
2, 19, 1907, 6949
What are the prime factors of 601531708?
2, 150382927
What are the prime factors of 24192450?
2, 3, 5, 37, 1453
What are the prime factors of 337172869?
11, 79, 103, 3767
List the prime factors of 2793803415.
3, 5, 13, 19, 103, 7321
List the prime factors of 40990117.
7, 23, 37, 983
List the prime factors of 59586739.
149, 399911
List the prime factors of 2977746850.
2, 5, 13, 31, 147779
List the prime factors of 2188333472.
2, 13, 5260417
List the prime factors of 330732751.
37, 179, 49937
List the prime factors of 1284256.
2, 67, 599
List the prime factors of 138003912.
2, 3, 212969
What are the prime factors of 29086313?
113, 257401
What are the prime factors of 13861901?
13861901
What are the prime factors of 2311964866?
2, 743, 1555831
List the prime factors of 128541151.
293, 438707
List the prime factors of 1430374839.
3, 761, 626533
What are the prime factors of 1669686627?
3, 7, 79508887
What are the prime factors of 107230096?
2, 6701881
What are the prime factors of 733563788?
2, 31, 1217, 4861
What are the prime factors of 51462875?
5, 411703
What are the prime factors of 37155526?
2, 19, 43, 22739
What are the prime factors of 40323133?
17, 47, 109, 463
What are the prime factors of 2149536861?
3, 19, 12570391
List the prime factors of 321968720.
2, 5, 23, 233, 751
What are the prime factors of 7667254325?
5, 89, 739, 4663
What are the prime factors of 1627986022?
2, 13, 79, 792593
What are the prime factors of 19166406?
2, 3, 7, 23, 19841
What are the prime factors of 83853181?
29, 2891489
What are the prime factors of 2408726276?
2, 11, 61, 103, 8713
List the prime factors of 1501034924.
2, 17, 23, 157, 6113
What are the prime factors of 1606772680?
2, 5, 17, 2362901
List the prime factors of 2032004465.
5, 406400893
List the prime factors of 2846555048.
2, 355819381
List the prime factors of 187262162.
2, 43, 2177467
What are the prime factors of 95001363?
3, 557, 6317
What are the prime factors of 269626011?
3, 73, 769, 1601
List the prime factors of 843332717.
6373, 132329
What are the prime factors of 243827442?
2, 3, 4515323
List the prime factors of 7928518.
2, 13, 304943
List the prime factors of 48850205.
5, 9770041
List the prime factors of 324859474.
2, 7673, 21169
What are the prime factors of 540900255?
3, 5, 7, 5151431
What are the prime factors of 129500108?
2, 2267, 14281
What are the prime factors of 140034445?
5, 43, 651323
List the prime factors of 38710589.
193, 200573
What are the prime factors of 416985255?
3, 5, 113, 82003
What are the prime factors of 111452191?
29, 3843179
List the prime factors of 77528582.
2, 31, 1250461
What are the prime factors of 71519